
81
Let t(s) = 9*s - 123. Give t(25).
102
Let k(r) = -r**3 + 22*r**2 - 7*r + 131. Calculate k(22).
-23
Let i(j) = j**3 - 14*j**2 + 166*j - 1119. Calculate i(9).
-30
Let l(j) = -2*j**2 - 14*j + 6. Determine l(0).
6
Let o(c) = 17*c + 163. Give o(-11).
-24
Let k(x) = -x**3 - 2*x**2 + 26*x + 25. What is k(0)?
25
Let j(a) = a**2 - 119*a - 493. Give j(-4).
-1
Let h(o) = 2*o**3 - 6*o**2 + 27*o - 117. Calculate h(5).
118
Let u(w) = 2*w**3 - 67*w**2 - 92*w - 445. What is u(35)?
10
Let y(w) = -27*w + 425. Calculate y(0).
425
Let c(g) = 2*g**2 - 16*g + 8. What is c(11)?
74
Let v(u) = 13*u**2 + 9*u - 3. Calculate v(1).
19
Let d(a) = -9*a**2 - 307*a - 331. Calculate d(-32).
277
Let s(c) = -4*c**3 + 49*c**2 + 10*c - 259. What is s(12)?
5
Let k(a) = -a**3 + 16*a**2 + 32*a - 225. What is k(17)?
30
Let b(x) = -x**3 + 2*x**2 - 148*x + 433. Calculate b(3).
-20
Let k(t) = t**3 - 5*t**2 + 25*t - 124. Calculate k(5).
1
Let z(r) = 34*r + 2946. What is z(-87)?
-12
Let a(x) = x**2 - 526*x + 1048. Give a(2).
0
Let m(d) = -8*d**2 + 83*d - 15. Give m(10).
15
Let o(i) = -i**2 + 13*i + 188. Give o(12).
200
Let y(x) = -82*x**2 + 13*x + 1. What is y(2)?
-301
Let q(b) = -b**3 + 42*b**2 - 71*b + 128. Calculate q(41).
-1102
Let k(s) = s**3 + 6*s**2 - 56*s - 174. What is k(-10)?
-14
Let r(f) = f**3 + 8*f**2 + 21*f + 78. Determine r(-5).
48
Let m(d) = d**3 + 19*d**2 - 68*d - 1296. Calculate m(-19).
-4
Let u(n) = -n**3 - 12*n**2 + 8*n + 72. What is u(-12)?
-24
Let c(p) = 8*p**3 - 70*p**2 - 48*p + 218. What is c(9)?
-52
Let g(v) = -25*v + 6. Calculate g(-3).
81
Let t(y) = -y**2 + 52*y - 650. Give t(29).
17
Let b(c) = -c**2 - 14*c + 82. What is b(-21)?
-65
Let f(c) = -5*c**2 - 39*c + 110. Give f(-10).
0
Let p(f) = -23*f**2 + 381*f - 1262. What is p(12)?
-2
Let q(s) = 28*s**2 + 253*s - 51. Calculate q(-9).
-60
Let f(z) = -14*z + 143. Give f(11).
-11
Let n(u) = -u**3 + 21*u**2 + 26*u - 52. What is n(22)?
36
Let p(d) = 156*d + 2172. Determine p(-14).
-12
Let y(l) = -17*l - 187. What is y(-16)?
85
Let t(c) = 2*c**3 + 19*c**2 - 10*c + 19. What is t(-11)?
-234
Let q(i) = 643*i - 5142. Determine q(8).
2
Let d(b) = 84*b**3 + 6*b**2 - 30*b + 30. What is d(1)?
90
Let y(j) = -j**2 - 1596*j - 6376. Give y(-4).
-8
Let s(f) = -6*f**3 + 81*f**2 + 49*f + 3. Determine s(14).
101
Let r(s) = -s**3 + 72*s**2 - 403*s + 447. What is r(66)?
-15
Let d(h) = -306*h**2 - 88*h + 5. What is d(-1)?
-213
Let j(k) = 1054*k + 1075. What is j(-1)?
21
Let x(s) = s**3 - 51*s**2 + 105*s - 353. Determine x(49).
-10
Let m(x) = -156*x - 723. Give m(-5).
57
Let c(g) = g**3 - 17*g**2 + 2*g - 13. Give c(17).
21
Let j(k) = -75*k**2 + 752*k + 3. What is j(10)?
23
Let p(q) = q**3 + 29*q**2 + 36*q + 26. Calculate p(-28).
-198
Let g(r) = 14*r - 886. Determine g(67).
52
Let m(n) = 2*n**2 + 6*n. Calculate m(-4).
8
Let r(j) = 2*j**3 + 112*j**2 - 607*j + 179. What is r(-61)?
-4
Let l(k) = k**3 + 14*k**2 - 105*k + 37. What is l(5)?
-13
Let c(j) = -55*j + 236. Determine c(4).
16
Let q(t) = -t**3 - 62*t**2 - 922*t - 411. Calculate q(-38).
-31
Let p(f) = -2*f**3 - 18*f**2 - 10*f - 51. Calculate p(-9).
39
Let p(b) = b**2 - 244*b + 1907. Give p(8).
19
Let n(v) = -4*v**2 - 428*v + 2248. Calculate n(-112).
8
Let m(w) = 3*w**2 - 97*w + 198. Give m(33).
264
Let o(g) = -2*g**3 - 104*g**2 - 99*g + 154. Determine o(-51).
1
Let z(b) = b**3 - b**2 + b + 101. Give z(0).
101
Let k(o) = -o**3 + 64*o**2 + 70*o - 315. Give k(65).
10
Let t(z) = -40*z**3 - z**2 - 6*z - 6. What is t(-1)?
39
Let z(w) = 3*w**2 + 297*w - 18. Calculate z(-99).
-18
Let y(v) = -2*v + 192. Give y(-17).
226
Let c(p) = 10*p + 348. Calculate c(-36).
-12
Let j(n) = 2*n**3 - 47*n**2 + 197*n + 4. Calculate j(6).
-74
Let k(a) = 4*a + 113. Give k(-51).
-91
Let q(j) = -48*j**2 + 185*j - 6. Determine q(3).
117
Let d(k) = 3*k + 73. Calculate d(-39).
-44
Let a(f) = 31*f**3 - 2*f**2 + 135*f + 136. Give a(-1).
-32
Let p(k) = -3*k**2 - 573*k + 581. Calculate p(-192).
5
Let u(x) = -3*x**3 + 8*x**2 + 207*x + 32. Determine u(-7).
4
Let i(k) = 37*k + 136. What is i(-7)?
-123
Let q(t) = -t**3 + 54*t**2 + 55*t - 1. Determine q(55).
-1
Let k(j) = -787*j + 9455. Determine k(12).
11
Let b(w) = 4*w**3 - 67*w**2 - 12*w - 48. Determine b(17).
37
Let a(x) = -x**3 - 5*x**2 + 6*x - 120. Give a(-9).
150
Let l(a) = -10*a**3 + 35*a**2 + 22*a - 13. Give l(4).
-5
Let j(g) = -g**3 + 3*g**2 + 13*g - 21. What is j(5)?
-6
Let s(w) = -452*w - 27. Determine s(2).
-931
Let n(q) = 29*q - 133. Calculate n(4).
-17
Let w(r) = -r**2 - 433*r - 1301. What is w(-3)?
-11
Let v(m) = 11*m**2 - 186*m - 22. Calculate v(0).
-22
Let b(p) = 10*p**2 + 197*p - 80. What is b(-20)?
-20
Let c(b) = 8256*b + 33037. Determine c(-4).
13
Let z(j) = 11*j**2 + 170*j - 284. Give z(-17).
5
Let u(a) = 18*a**2 + 34*a + 34. Calculate u(-1).
18
Let f(x) = -34*x + 10. Determine f(4).
-126
Let u(w) = -w**3 - 6*w**2 + 85*w + 289. Give u(-3).
7
Let z(s) = s**2 + s - 11. What is z(3)?
1
Let l(s) = -s**3 - 50*s**2 - 217*s + 19. Give l(-5).
-21
Let z(k) = 2*k**2 - 4*k - 340. Determine z(14).
-4
Let s(v) = v**3 + 19*v**2 - 10*v + 121. Calculate s(-20).
-79
Let c(p) = 3*p**2 + 45*p - 126. Give c(3).
36
Let w(m) = 2*m**2 - 43*m - 123. Give w(-3).
24
Let i(n) = -26*n**2 + 2235*n + 52. What is i(86)?
-34
Let a(j) = 1010*j - 3035. Calculate a(3).
-5
Let f(j) = -2433*j - 2442. Determine f(-1).
-9
Let a(r) = -35*r**2 - 3*r - 14. Determine a(-3).
-320
Let u(o) = o**3 - 34*o**2 - 8*o + 267. Calculate u(34).
-5
Let l(v) = -1110*v + 137639. What is l(124)?
-1
Let l(q) = -25*q**2 - 24*q + 7. Calculate l(-2).
-45
Let f(n) = -30*n - 581. What is f(-18)?
-41
Let b(m) = 6*m**2 + 141*m + 62. Give b(-23).
-7
Let i(w) = 35825*w - 179130. Give i(5).
-5
Let n(c) = 46*c - 407. Calculate n(10).
53
Let h(r) = 82*r - 9. Give h(2).
155
Let y(u) = -136*u**3 - 3*u**2 + 10*u - 6. Calculate y(2).
-1086
Let g(p) = 5*p**2 + 26*p - 683. Determine g(16).
1013
Let a(c) = c**3 - 10*c**2 - 44*c + 467. What is a(9)?
-10
Let w(i) = 2*i**2 + 97*i - 264. Determine w(-50).
-114
Let y(d) = d**3 + d**2 + 16*d - 9. Calculate y(6).
339
Let a(k) = 189*k**2 + 4*k + 6. Calculate a(-1).
191
Let m(y) = 5*y**2 - 42*y - 17. Calculate m(8).
-33
Let h(b) = b**3 + 20*b**2 - 15*b + 4. What is h(-21)?
-122
Let m(y) = 18*y + 583. What is m(-32)?
7
Let f(o) = 6*o - 210. What is f(15)?
-120
Let b(y) = -2*y**3 + 18*y**2 + 11*y - 20. Give b(5).
235
Let q(f) = 11*f + 25. What is q(-15)?
-140
Let f(p) = p**3 - 26*p**2 - 3*p + 80. What is f(26)?
2
Let l(q) = 163*q - 2621. Give l(16).
-13
Let p(q) = -251*q + 247. Give p(3).
-506
Let o(m) = -m**2 - 17*m + 124. Calculate o(6).
-14
Let k(c) = 213*c + 3206. Give k(-15).
11
Let g(l) = -6*l**2 + 3*l + 15. Give g(5).
-120
Let w(y) = -20*y**2 - 43*y + 41. Calculate w(1).
-22
Let m(h) = -9*h**2 - 20*h + 4. Calculate m(-2).
8
Let z(j) = -j**3 + 29*j**2 - 42*j + 376. Give z(28).
-16
Let y(t) = -153*t + 2440. Calculate y(16).
-8
Let i(l) = 2*l**3 + 523*l**2 + 776*l - 1038. Give i(-260).
2
Let o(s) = -5*s - 60. Determine o(13).
-125
Let m(s) = 2*s**3 + 23*s**2 + 80*s + 738. What is m(-11)?
-21
Let u(c) = -5*c**2 + 19*c + 168. Calculate u(-6).
-126
Let b(i) = 35*i + 1826. What is b(-46)?
216
Let w(a) = -4*a**2 + 14*a - 8. Calculate w(2).
4
Let k(f) = f**3 + 9*f**2 + 15*f + 53. Give k(-7).
46
Let s(n) = -18*n**2 + 2814*n + 1885. Determine s(157).
1
Let w(x) = 60*x**3 + 654*x**2 - 69*x - 21. Determine w(-11).
12
Let u(z) = z**3 + 6*z**2 - z - 47. Calculate u(0).
-47
Let j(l) = l**3 + 46*l**2 - 255*l - 60. What is j(-51)?
-60
Let d(y) = -17*y**2 - 323*y + 29. What is d(-19)?
29
Let j(u) = -11039*u + 309087. Determine j(28).
-5
Let p(h) = 69*h**2 + 209*h. Determine p(-3).
-6
Let q(s) = -40*s**2 + 26*s - 26. What is q(1)?
-40
Let a(w) = 14*w**2 - 104*w - 69. Calculate a(8).
-5
Let o(f) = 292*f + 2326. What is o(-8)?
-10
Let j(z) = -49*z + 2690. Determine j(55).
-5
Let y(h) = -2*h - 105. Determine y(-58).
11
Let h(l) = -4928*l - 54211. Calculate h(-11).
-3
Let c(x) = -2*x**3 + 299*x**2 + 149*x + 141. Give c(150).
-9
Let m(x) = -114*x - 656. Determine m(-6).
28
Let n(f) = f**3 - 40*f**2 - 123*f - 148. Determine n(43).
110
Let y(c) = 113*c - 11864. Give y(105).
1
Let d(g) = -609*g + 2683. What is d(4)?
247
Let i(k) = -5*k - 15. Calculate i(-2).
-5
Let w(q) = -q**2 - 1405*q - 30420. Determine w(